ose -5*p + 260 = 5*u, 4*p - 160 = -g*u + 3*p. What are the prime factors of u?
2, 3
Let i = 21 + -19. Suppose -u + 63 = i*u. What are the prime factors of u?
3, 7
Suppose 0 = p - 3*p + 1968. List the prime factors of p.
2, 3, 41
Suppose -16 = 12*z + 104. What are the prime factors of (86/z - -1)/(1/(-5))?
2, 19
Suppose -3*k + 15 = -0*k. Let t(a) = -8*a**2 - 6*a**3 - 5*a - k + 5*a**3 + 11 + 2*a**2. What are the prime factors of t(-6)?
2, 3
Let u(l) = -3*l + 14. Suppose -4*j + 3*k - 31 = -118, 63 = 3*j - 3*k. Suppose 4*d = -j - 4. List the prime factors of u(d).
5, 7
List the prime factors of ((-2)/3 - 0)*(-129)/1.
2, 43
Suppose b + 79 = 2*q - 14, -3*b + 9 = 0. Suppose -9*c - 292 - 5 = 0. Let n = q + c. List the prime factors of n.
3, 5
Let z(v) = 181*v**2 + 2*v - 6. What are the prime factors of z(2)?
2, 19
Let c(m) = 2*m + 16. Let j = 3 - 21. Let z(f) = -f**2 - 20*f - 23. Let a be z(j). List the prime factors of c(a).
2, 3, 7
Suppose -2*r = 22*r - 10920. What are the prime factors of r?
5, 7, 13
Suppose 2*w - 1478 = 318. What are the prime factors of w?
2, 449
Let t = -1917 - -3202. List the prime factors of t.
5, 257
Let g be (51/(-68))/(1/(-8)*3). Let y = 0 - -3. Suppose -g*b = 5*n - 176, -y*n + 2*b + 164 = 2*n. List the prime factors of n.
2, 17
Suppose 5*m + 5*l - 434 - 7181 = 0, -3039 = -2*m + 5*l. List the prime factors of m.
2, 761
Let x(r) = 11*r**2 + 5*r - 7. Let h be x(3). Suppose -h = 8*u - 499. List the prime factors of u.
7
Let q = 15 - 0. Suppose -15 = -5*p - c, 2*c + 15 = 5*p - q. Let n(k) = 2*k**2 - k - 5. What are the prime factors of n(p)?
23
Suppose -o - 9*w + 670 = -11*w, 0 = 4*o - 3*w - 2690. What are the prime factors of o?
2, 337
Let y(t) = -t**2 + 10*t + 7. Let o be y(11). Let z(g) = 11*g**2 - 9. Let x(p) = -10*p**2 - p + 8. Let k(h) = -6*x(h) - 5*z(h). List the prime factors of k(o).
53
Let n = 3 - 36. Let r = -7 - n. List the prime factors of r.
2, 13
Suppose 5*u + 210 = -g + 6*g, 0 = -u - 3. What are the prime factors of g?
3, 13
Let a = -453 - -457. What are the prime factors of a?
2
Suppose 0 = -l + 25 - 0. Let y(g) = 8*g + 5. Let i be y(0). What are the prime factors of l/i*16/2?
2, 5
Suppose 32*o - 72430 - 3826 = 0. What are the prime factors of o?
2383
Suppose 0*z - 90733 = -41*z. List the prime factors of z.
2213
Let z = -408 + 4999. List the prime factors of z.
4591
List the prime factors of (-9)/(-12)*(-47096)/(-21).
2, 29
Suppose 8*u - 3 = 13. Suppose h - 2*f = 120, 120 + 116 = u*h - 5*f. List the prime factors of h.
2
Suppose -3*b + 231 = -1503. List the prime factors of b.
2, 17
Let m = 40 - 37. Suppose -5*d + 2*x + 390 = x, -m*d = -5*x - 234. List the prime factors of d.
2, 3, 13
Let x(c) = c**3 + 4*c**2 + 4*c + 3. Let i be x(-3). What are the prime factors of -15*(i - 10/15)?
2, 5
Suppose 178 = o + 2*u - 1080, -3*o + 3814 = -2*u. What are the prime factors of o?
2, 317
Let p(u) = 12*u**3 - 4*u**2 + 4*u - 1. Suppose -6*a + 8 + 4 = 0. Let q be p(a). What are the prime factors of 3*2/9*q?
2, 29
Suppose -173976 = -95*n + 29*n. What are the prime factors of n?
2, 659
Let o(z) = z**3 + 15*z**2 - 15*z + 23. Let j be o(-16). Suppose 310 = -2*p + j*p. What are the prime factors of p?
2, 31
Let g be ((-8349)/(-11))/((-3)/(-14)). What are the prime factors of g/70 - (-3)/(-5)?
2, 5
Let l(m) = -m + 1. Let t be l(1). Suppose -5 = 4*r - p + 2*p, 4*r + 4*p + 20 = t. List the prime factors of -23*(r + -1)/1.
23
Let y(k) = -k - 14. Suppose -3*g = -3*o + 33, o = 2*g + 3*o + 10. Let i be y(g). List the prime factors of 16/6*i/(-2).
2
Let v be ((-53)/2)/((-4)/32). Suppose -v - 618 = -5*w. What are the prime factors of w?
2, 83
Let a = -100 + 350. Suppose -6*c + 62 + a = 0. List the prime factors of c.
2, 13
Suppose z = 9 + 12. Let v = 483 + -492. Let n = v + z. What are the prime factors of n?
2, 3
What are the prime factors of 500 - (-1 - -1 - 65/13)?
5, 101
Let w = 403 - 682. What are the prime factors of (-1)/(4 + 1119/w)?
3, 31
Let y(c) = -c**3 + 8*c**2 + 23*c - 17. Let j be y(10). Suppose -j*g + 14*g - 227 = 0. What are the prime factors of g?
227
Let o(c) be the first derivative of -c**4/4 + 8*c**3/3 - c**2/2 + 7*c - 5. Let i be o(8). What are the prime factors of i/(-3) - (-520)/15?
5, 7
Suppose 5*a + 7 - 2 = 0. Let w = a + 5. What are the prime factors of w?
2
Let h(r) = -r + 1. Let f(d) = -6*d + 5. Let k(j) = f(j) - 5*h(j). Let l be k(-2). Let m = 43 - l. What are the prime factors of m?
41
Suppose 3*c - 4*q = 70, -3*c + q + 67 = -0*c. Suppose 3*j = 88 + 140. What are the prime factors of j/(-6)*(-33)/c?
19
Let z = 14 + -18. Let l(i) = i**3 + 4*i**2 - i - 5. Let p be l(z). What are the prime factors of 2/p + (-185)/(-5)?
5, 7
Suppose h = 4*t - 38, 6*h = -2*t + 3*h + 12. Let x = 4 - t. Let v(f) = 2*f**2 + 6*f + 6. List the prime factors of v(x).
2, 13
Suppose 7*t - 73 = 6220. Suppose 5*v - t = 4*k, -3*k + 217 = -5*v + 1115. List the prime factors of v.
179
Suppose 4*c + 6 = 10. Let p(r) = 17*r**2 - 3*r + 2. Let u(j) = -j**2 + 1. Let o(l) = c*p(l) - u(l). What are the prime factors of o(2)?
67
Suppose 1053 = i - 3*j, 0*i - 5*i - 3*j = -5283. Suppose q + 10*q - i = 0. What are the prime factors of q?
2, 3
Suppose c - 2*c = -24. Suppose x - c = 4*x. Let u = 35 + x. List the prime factors of u.
3
Suppose 2*r + 3 = 9. Suppose -r*j - 276 = -7*j. List the prime factors of j.
3, 23
Let x(j) = 3*j - 5. Let q be x(7). Suppose 3*m - q + 4 = 0. Suppose 3*t + m = 25. List the prime factors of t.
7
Let x(p) = -p**3 - 17*p**2 + 8*p + 137. What are the prime factors of x(-19)?
7, 101
Let p = 27 - 21. Let w(s) = 5*s**2 + 16*s + 9. Let i(v) = 14*v**2 + 47*v + 26. Let m(n) = p*i(n) - 17*w(n). List the prime factors of m(7).
2, 3
Let n(x) = -x**3 - 6*x**2 - 2*x - 9. Let u be n(-6). Suppose -u*a - 5*g = -0*g + 9, -1 = -2*a - g. What are the prime factors of -1 - (a + -1)*-17?
2
Suppose 168 = -5*m + u + 3550, -3*u + 9 = 0. What are the prime factors of m?
677
Let q be (0 - 2) + (-2 - (2 - 2)). Let c(f) = 2*f**2 - 4*f - 12. What are the prime factors of c(q)?
2, 3
Let x(b) = -b**3 + b. Let o(g) = -2*g**3 + 2*g + 18. Let f(z) = o(z) - 3*x(z). Let t = -2 - -2. What are the prime factors of f(t)?
2, 3
Let w = -1248 - -1818. List the prime factors of w.
2, 3, 5, 19
List the prime factors of (-156160)/(-180) - (-12)/27.
2, 7, 31
Let y = -71 + 86. List the prime factors of (y/12 - 0)/(3/36).
3, 5
Suppose -435 = -i + 540. What are the prime factors of i?
3, 5, 13
Let p(h) = -69*h**3 + 8*h**2 - 9*h + 3 + 3 + 70*h**3. What are the prime factors of p(-9)?
2, 3
Suppose 4*x = -20, 0*x - 5*x - 16 = 3*r. Let c(a) = -3*a + 6*a - 4 + 4*a + 3*a. What are the prime factors of c(r)?
2, 13
Let q(w) = -2*w + 14. Let k(r) = r - 3. Let d be k(3). Suppose -5*j - 18 - 32 = d. What are the prime factors of q(j)?
2, 17
Let n(w) be the second derivative of w**5/10 - 7*w**4/12 + 2*w**3/3 - 7*w. What are the prime factors of n(5)?
5, 19
Let l(j) = -5*j**3 - j**2 - 7*j - 6. Let q be l(-3). Let a = -78 + q. What are the prime factors of a?
3, 7
Let n be (-194)/6 + ((-2)/(-3))/2. List the prime factors of (-3)/(36/n)*27.
2, 3
Suppose 479*a - 473*a = 960. List the prime factors of a.
2, 5
Suppose -10 = 2*f + 2*u, 3*u - u + 10 = -4*f. Suppose 3*b - 3 = f, 0 = w - 2*w - 3*b + 30. What are the prime factors of w?
3
Let x(p) be the first derivative of p**4/4 + 22*p**3/3 - 17*p**2 - 38*p - 14. What are the prime factors of x(-23)?
5, 43
Let a(y) = y**2 + y + 25. Let w = 51 - 51. List the prime factors of a(w).
5
Suppose -8052 = -4*j + 3*p - 2224, -5*p = 4*j - 5796. List the prime factors of j.
2, 727
Suppose 0 = -47*y + 4636 + 10169. List the prime factors of y.
3, 5, 7
Let j be (-8956 - 0)*9/(-36). Let v = -3247 + j. List the prime factors of (2/4)/((-12)/v).
2, 3, 7
Let m(g) = g**2 + 13*g + 5. Let h be m(-11). Suppose -3*v + 49 = -2*v. Let z = v + h. What are the prime factors of z?
2
Let a(x) = -4*x**3 - 7*x**2 + x - 3. Let j be a(-4). Suppose j = 2*b - 1. What are the prime factors of b?
3, 23
Let a be 0 + 1 - (-75 - -1). Suppose -3*d + a = 9. Suppose -5*n = 3*o - d - 49, -4*n + 73 = 3*o. List the prime factors of o.
3
Let c(p) = 119*p**2 + p. Let s be c(1). Let a(m) = 2*m**2 - 5*m + 3. Let d be a(3). Suppose 0 = d*v - 0*v - s. What are the prime factors of v?
2, 5
Su